 0, -58*w - 71 = -61*w - 2*k. Calculate the remainder when 73 is divided by w.
19
Suppose -3*k = 4*t - 411, -7*t + 5*k + 330 = -4*t. Calculate the remainder when 3044 is divided by t.
104
Suppose a = -3*i - 2 - 9, -4*i - 2*a - 16 = 0. Suppose -2*p + 56 = 2*p + 5*x, 0 = 5*x. Calculate the remainder when (1/2)/(i/(-330)) is divided by p.
13
Suppose -4*a + 5*t + 325 = 0, -84*a + 237 = -81*a + 3*t. What is the remainder when a is divided by 24?
8
Let i(x) = -x**3 + 5*x**2 + 4*x + 12. Let g be i(6). Let s = 9 + g. What is the remainder when 62 is divided by s?
8
Let q = -49 + 98. What is the remainder when q is divided by (4 + -5)*(0 - 25)?
24
Let l = -324 - -421. Calculate the remainder when l is divided by (2/3)/((-2)/(-42)).
13
Let n(h) = 36*h - 89. Calculate the remainder when n(4) is divided by 29.
26
What is the remainder when (176 - (7 - 1)) + -4 is divided by 28?
26
Let x = 19 + 10. Let q(o) = -o**3 - 9*o**2 - 3. Let w be q(-9). Let v(a) = 7*a**2 + 2*a - 2. Calculate the remainder when v(w) is divided by x.
26
Let c(b) = -b**3 + 14*b**2 - 41*b - 30. Calculate the remainder when 147 is divided by c(9).
3
Suppose -22*z + 311 = 3. What is the remainder when 142 is divided by z?
2
Suppose 4*c - 4*o - 87 - 241 = 0, 4*c + 3*o = 293. Let n(q) = -18*q - 606. What is the remainder when c is divided by n(-34)?
5
Let m be (2 + 5 - 3) + -1. Suppose -4*d + 6*b - 2*b + 212 = 0, 0 = 5*d - m*b - 273. Calculate the remainder when d is divided by 20.
17
Suppose -2*a = -n + 4*n - 49, 5*n + 131 = 4*a. What is the remainder when 107 is divided by a?
20
Let c(b) = b**2 - 4*b - 1. What is the remainder when 106 is divided by c(6)?
7
Let x = 2 + 15. Suppose x = r - 3*d, -6*d = r - 4*d - 22. Let f = r - 5. What is the remainder when 27 is divided by f?
12
Let u be (-194)/(-18) + (-4)/(-18). Let f = -6 + u. Suppose -20 = -f*b + 190. What is the remainder when b is divided by 22?
20
Let l(v) = 13*v - 2. Let x = 108 - 37. Let d = x - 40. What is the remainder when d is divided by l(1)?
9
Suppose 47 = 4*o - 4*x - 49, 5*o + x - 108 = 0. Let m = -10 + 32. Suppose -2*s = -m + 6. What is the remainder when o is divided by s?
6
Suppose -2*i = -9*i + 140. Calculate the remainder when 40 is divided by i.
0
Suppose -5*g + 4*m = -173, -g + m = 4*m - 27. What is the remainder when g is divided by 17?
16
Let i(o) = o**3 - o**2 + o + 9. Let d(v) = -v**3 + 10*v**2 + 3*v - 22. Let s be d(10). Suppose -s*n + 105 = -n. What is the remainder when n is divided by i(0)?
6
Let y(v) = 16*v**2 - v + 1. Let f(o) = 3*o**2 - 12*o - 22. Let l be f(5). What is the remainder when y(1) is divided by (-44)/l - (-6)/(-21)?
4
Let j be 594/153 - 4 - (-2826)/34. Suppose 2*q = -i + j, 78 = i + 2*q + q. What is the remainder when i is divided by 24?
21
Let a be 1 - 7/((-21)/18). Let g = a + 5. Calculate the remainder when 259/7 + -4 + 0 is divided by g.
9
Let i = 8 - 10. Let r be 1 - (-1 - (i - -4)). Suppose -m + 50 = r*m. What is the remainder when 29 is divided by m?
9
Let z(l) = -l**2 - l - 1. Let w(g) = 3*g**2 - g + 7. Let p(s) = w(s) + 2*z(s). Calculate the remainder when p(-4) is divided by (-2 - (-88)/4) + -2.
15
Let u(h) = 18*h - 141. Suppose 70 + 44 = 3*k. Calculate the remainder when u(14) is divided by k.
35
Let y(w) = -w**3 - 6*w**2 + 31*w + 191. What is the remainder when y(-9) is divided by 13?
12
Suppose s - 26 = 3*x + 13, 5*s - 147 = -x. Suppose 2*t - s = -4*g + g, 4*g - 4*t - 20 = 0. Calculate the remainder when 22 is divided by g.
6
Suppose 9*y - 6*y = 24. Suppose -12*g = -y*g - 304. Calculate the remainder when g is divided by 20.
16
Let m = -522 - -524. What is the remainder when 5/(10/4) - -4 is divided by m?
0
Let i(f) = -69*f + 484. What is the remainder when 188 is divided by i(6)?
48
Let n = 67 + -65. Suppose -j - g - 4*g = 11, n*g = -8. Calculate the remainder when 13 is divided by j.
4
Let g be 14/14 + -1 + 78. Let o = g - 56. What is the remainder when o is divided by 12?
10
Suppose -3*r - 3*s - 6 = 0, r + 3*s = -3*r - 3. Suppose -8 = -5*f - r. What is the remainder when 3 is divided by f?
0
Let s be (-1)/2 + 369/6. Suppose 3*b = -4 + s. What is the remainder when 74 is divided by b?
17
Let v = 30 + 8. Let q(c) = 3*c + 7. Let a be q(15). Suppose -20*l + a = -16*l. What is the remainder when v is divided by l?
12
Suppose -5*y - 4*s = -506, 5*s - 246 - 55 = -3*y. Calculate the remainder when y is divided by 9.
3
Let d = 210 - -193. Calculate the remainder when d is divided by 58.
55
Let b(j) = j - 4. What is the remainder when b(30) is divided by 6?
2
Suppose 0 = 2*f - 3*f + 123. Let d = 241 - f. What is the remainder when d is divided by 17?
16
Let c(h) = 6*h**2 - 3*h + 11*h - 8*h + 1. Calculate the remainder when 10 is divided by c(1).
3
Suppose 2*f + 4*c = -2, -5*f + 0*c + 19 = -2*c. Calculate the remainder when 145 is divided by f.
1
Suppose 0 = 4*h - 3*s - 36, -8*s = h - 3*s - 9. Suppose -h*q + 8*q + 60 = 0. What is the remainder when q is divided by 22?
16
Suppose 2*z + 4*u - 222 = -0*u, 8 = -4*u. What is the remainder when z is divided by 24?
19
What is the remainder when 3*234 - ((-165)/15)/(-11) is divided by 15?
11
Let p = 22 + -21. Let k(z) = 6*z - 6 - p - 3*z + 2*z. Calculate the remainder when k(9) is divided by 10.
8
Let f(g) = -3*g**2 + 58*g - 188. Let x = -2 + 5. Calculate the remainder when f(15) is divided by x.
1
Let l = -46 - -143. Let i = -727 + 752. Calculate the remainder when l is divided by i.
22
Suppose 0 = -7*f + 6*f + 72. Suppose -3*p = -8*p + 115. What is the remainder when f is divided by p?
3
Suppose -9*d + 5*d + 200 = 0. Let b(u) = u. Let m(l) = -5*l - 25. Let i(h) = -6*b(h) - m(h). Calculate the remainder when d is divided by i(8).
16
Calculate the remainder when (2/(-24)*-9)/((-1)/(-188)) is divided by 48.
45
Let c = 903 - 256. Calculate the remainder when c is divided by 72.
71
Suppose -3*c + 69 = 4*d, d + 4*c = -0*d + 27. Let q = d + -13. Calculate the remainder when 64 is divided by (q + 0)/(8/88).
20
Let r be 5/(2/(2/1)). Suppose 2*h - 70 = -r*c, -5*c - 4*h + 8 = -62. Calculate the remainder when 27 is divided by c.
13
What is the remainder when ((4 - 14) + -2)*2/(-3) is divided by 7?
1
Suppose -49*l - 598 = -75*l. Let q(v) = -44*v**3 - v - 1. What is the remainder when q(-1) is divided by l?
21
Let a = 31 - 40. Let x = 69 - 36. Calculate the remainder when x is divided by 0 + (a/(0 - -3) - -15).
9
Let s(x) = -x**3 + 11*x**2 - 7*x - 10. Let n be s(10). Suppose q - 5*q = -n. What is the remainder when 23 is divided by q?
3
Let l = -6 - -6. Suppose l = -6*c + 2*c. Let d(f) = -f**3 + f**2 - f + 17. What is the remainder when 65 is divided by d(c)?
14
Let u = -338 - -384. What is the remainder when 135 is divided by u?
43
Let d = 2383 - 2373. What is the remainder when 1248 is divided by d?
8
Let h(w) = 8*w - 26. What is the remainder when h(9) is divided by 16?
14
Let l(c) = 6*c - 5 - c**2 + 7*c - 5. Let g be (-40)/10 - 52/(-4). Calculate the remainder when l(g) is divided by 7.
5
Let j = -45 - -115. Let f(x) = -85 + 28 + 28 + 34 - 13*x. Calculate the remainder when j is divided by f(-1).
16
Suppose i - 4*h - 34 = -7*h, 0 = -4*h + 12. Calculate the remainder when 82 is divided by i.
7
Suppose 1 = -2*c - 5, 5*l - 4*c = 132. Let a = 38 - l. Suppose -2*w + 4*v + 72 = 0, 0*w + 5*v + 77 = 2*w. What is the remainder when w is divided by a?
12
Suppose -1036 - 1964 = -4*d. Suppose -3*q + 742 = 3*s + 2*s, -5*s = -5*q - d. What is the remainder when s is divided by 38?
35
Let j = -29 - -46. What is the remainder when 2/((-2)/(-51)) + -1 is divided by j?
16
Suppose -b - q - q + 7 = 0, 4*b + 5*q - 40 = 0. Let c(s) = 8*s**2 - 5*s - 4. What is the remainder when b is divided by c(-1)?
6
Suppose 4 = 3*p - p. Let m(o) = 3*o + 12. Let r be m(-3). Suppose -5*a = 0, -r*t + 2*a = -5 + 2. What is the remainder when p is divided by t?
0
Suppose -56*v + 2*r = -57*v + 15, -v + 4*r + 15 = 0. What is the remainder when v is divided by 10?
5
Let w be (-42)/(-10) + (-7)/35. What is the remainder when (-2 - (-6)/w)/(4/(-96)) is divided by 8?
4
Let g(t) = -39*t - 2. Let w be g(2). Let c(u) = 168*u**3 + u. Let v be c(1). Let x = v + w. What is the remainder when x is divided by 13?
11
Suppose -5*k + 40 = -3*q, 0 = 4*k - 3*k - 5*q - 30. What is the remainder when 124 is 